.
6
Let r(b) = -b**3 + 7*b**2 - 3*b. Give r(7).
-21
Let x(v) = 2*v**3 - 22*v**2 - 26*v + 15. Give x(12).
-9
Let p(v) = 9*v + 90. What is p(-10)?
0
Let l(d) = 17*d**2 - 2*d + 16. Determine l(3).
163
Let m(v) = 34*v - 31. Determine m(1).
3
Let y(a) = 21*a**2 + 48*a - 1. Give y(-2).
-13
Let q(f) = 91*f - 1185. Calculate q(13).
-2
Let g(v) = -v**3 + 7*v**2 - v + 5. Calculate g(7).
-2
Let u(o) = o**2 + 12*o + 1. Calculate u(-8).
-31
Let i(n) = -n + 176. Calculate i(0).
176
Let k(h) = -h**2 + 13*h + 12. Determine k(12).
24
Let k(b) = 4*b + 9. Determine k(-7).
-19
Let o(m) = 2*m**3 + 8*m**2 + 7*m - 1. Give o(-3).
-4
Let h(u) = u**3 + u**2 + 2*u - 10. Determine h(4).
78
Let c(u) = -35*u + 186. Determine c(5).
11
Let w(x) = -3*x - 2. Determine w(0).
-2
Let t(i) = 10*i + 6. Calculate t(-5).
-44
Let g(j) = j**3 - 6*j**2 + 10*j - 35. Give g(5).
-10
Let f(z) = z**2 - 3*z + 6. Give f(-5).
46
Let x(n) = -n**3 - 5*n**2 - 6*n - 6. What is x(-4)?
2
Let q(j) = j**2 + 18*j - 109. Determine q(-23).
6
Let h(j) = 3*j + 4. Give h(-7).
-17
Let h(q) = 3*q**2 + 59*q + 26. Determine h(-19).
-12
Let t(j) = j - 6. What is t(7)?
1
Let p(s) = -s**2 - 4*s + 6. Give p(-7).
-15
Let b(z) = -3*z - 50. What is b(-13)?
-11
Let a(b) = -b**2 - 6*b + 6. What is a(-5)?
11
Let k(g) = -4*g**3 - g**2 + 2*g + 1. Calculate k(-2).
25
Let u(y) = 5*y**3 - y**2 - 2*y + 1. What is u(-2)?
-39
Let c(m) = -m**3 - 3*m**2 + 4*m - 4. What is c(-4)?
-4
Let f(o) = o**2 - 16*o - 136. Determine f(22).
-4
Let h(r) = r - 10. Determine h(-8).
-18
Let q(z) = -24*z + 379. Calculate q(15).
19
Let r(f) = f**2 - 17*f + 25. Calculate r(15).
-5
Let m(n) = -3*n - 2. Determine m(-3).
7
Let x(n) = -6*n - 5. Calculate x(-3).
13
Let o(k) = 4*k**3 - k**2 + k - 2. Calculate o(-2).
-40
Let c(z) = -14*z**2 - 5*z + 2. What is c(1)?
-17
Let w(a) = a**2 + 10*a - 22. Give w(-12).
2
Let t(w) = -4*w + 18. What is t(6)?
-6
Let c(k) = k**2 - 22*k + 46. Calculate c(20).
6
Let s(g) = 4*g - 7. Determine s(12).
41
Let r(p) = -6*p**3 + p. Give r(-1).
5
Let j(l) = -l + 23. Calculate j(14).
9
Let g(w) = -9*w + 130. What is g(17)?
-23
Let h(l) = l**2 - 17*l + 42. Determine h(4).
-10
Let w(p) = -p**3 - 4*p**2 - 5*p + 3. Give w(-4).
23
Let c(w) = -w**2 - 28*w - 68. What is c(-26)?
-16
Let h(r) = 4*r - 4. What is h(5)?
16
Let i(o) = 12*o**3 + 4*o**2 + 5*o + 5. Determine i(-2).
-85
Let c(q) = 2*q - 1. Calculate c(-2).
-5
Let y(g) = -g**2 + 7*g + 5. Calculate y(7).
5
Let q(b) = 8*b - 9. Calculate q(3).
15
Let f(v) = 75*v + 20. Calculate f(-2).
-130
Let f(r) = r - 24. Determine f(14).
-10
Let c(i) = -2*i**2 + 4*i - 3. Determine c(4).
-19
Let k(c) = c**3 - 7*c**2 - 5. What is k(7)?
-5
Let t(k) = -2*k**3 - 4*k**2 - 3*k - 3. Calculate t(-3).
24
Let l(p) = p**2 + 7*p - 1. Calculate l(-3).
-13
Let m(a) = -3*a**2 + 209*a + 60. Determine m(70).
-10
Let i(t) = -t**3 + 4*t**2 + 6*t. Give i(5).
5
Let n(o) = 15*o - 103. Determine n(7).
2
Let g(i) = -15*i**2 - i - 3. Give g(2).
-65
Let y(j) = -j**2 + 4*j + 6. Give y(5).
1
Let i(p) = 3*p**2 + 4*p + 2. What is i(-3)?
17
Let o(j) = j**3 - 15*j**2 + j - 5. What is o(15)?
10
Let t(z) = 2*z + 18. What is t(-13)?
-8
Let h(r) = 3*r - 8. Calculate h(-4).
-20
Let r(n) = -5*n - 1. Determine r(1).
-6
Let w(v) = -23*v - 55. Determine w(-8).
129
Let a(x) = x**3 - 5*x**2 - 4*x - 3. Determine a(6).
9
Let r(p) = 2*p**3 + 60*p**2 + 55*p - 87. Calculate r(-29).
0
Let i(n) = 8*n**2 - 3. What is i(-2)?
29
Let z(y) = -2*y**2 - 21*y - 3. Calculate z(-11).
-14
Let v(w) = -15*w + 45. What is v(7)?
-60
Let q(y) = -y + 27. What is q(14)?
13
Let a(r) = -8*r - 2. What is a(2)?
-18
Let r(f) = 2*f - 12. Give r(10).
8
Let y(q) = q**2 + 12*q + 1. What is y(-10)?
-19
Let q(k) = 2*k + 13. Determine q(0).
13
Let q(v) = -v**3 - 25*v**2 - 22*v + 40. Calculate q(-24).
-8
Let y(n) = n + 9. What is y(-11)?
-2
Let j(r) = -32*r + 324. Calculate j(10).
4
Let q(b) = b**3 + 5*b**2 - 5*b - 51. Give q(-4).
-15
Let m(o) = 11*o - 275. Determine m(25).
0
Let h(g) = -3*g - 9. Give h(-4).
3
Let a(q) = -44*q + 26. What is a(1)?
-18
Let b(q) = -q**3 - 8*q**2 + q + 11. Give b(-8).
3
Let m(v) = v**3 - 7*v**2 - 13*v. What is m(9)?
45
Let r(j) = -2*j + 12. Give r(3).
6
Let h(c) = c**3 - 13*c**2 + 43*c - 8. Calculate h(7).
-1
Let d(n) = n + 31. Calculate d(18).
49
Let w(r) = r**2 - 21*r - 699. Calculate w(39).
3
Let d(n) = -n**2 - 7*n - 10. Give d(-4).
2
Let z(f) = f**2 + 4*f - 114. Give z(-13).
3
Let l(u) = -u**2 + 10. Determine l(-5).
-15
Let z(b) = -3*b**2 + 10*b + 8. Determine z(3).
11
Let y(x) = 2*x**3 + 2*x**2 + 2*x + 1. Determine y(-1).
-1
Let w(q) = -2*q**3 + 13*q**2 - 5*q. Determine w(6).
6
Let f(k) = k + 21. Give f(-25).
-4
Let k(t) = -2*t**2 - 30*t + 22. Calculate k(-16).
-10
Let m(c) = -32*c + 320. Determine m(10).
0
Let q(m) = -m**2 - 8*m - 1. Determine q(-8).
-1
Let l(r) = -5*r - 1. Determine l(-7).
34
Let w(z) = -12*z. Determine w(-1).
12
Let g(h) = h**3 + 10*h**2 - 36*h - 21. What is g(-13)?
-60
Let l(g) = 7*g - 16. What is l(-11)?
-93
Let x(b) = -b - 21. What is x(-26)?
5
Let v(z) = -z**3 - 14*z**2 + 18*z + 45. Determine v(-15).
0
Let s(m) = m**2 - 13*m - 9. Calculate s(13).
-9
Let f(r) = r**3 + 4*r**2 - 2*r. Give f(-5).
-15
Let i(b) = -b**3 + 11*b**2 - 23*b + 6. What is i(9)?
-39
Let m(u) = -u**3 - 11*u**2 + 21*u + 6. Calculate m(-12).
-102
Let t(y) = -y**2 + y - 2. What is t(0)?
-2
Let h(y) = -y**3 + 5*y**2 + 2*y + 5. What is h(5)?
15
Let q(o) = -o**3 - 5*o**2 + 9*o + 6. What is q(-6)?
-12
Let q(r) = -r**3 + 4*r**2 + 6. Determine q(5).
-19
Let z(t) = t**2 + 6*t - 22. Give z(-7).
-15
Let i(z) = 2*z + 24. Give i(-12).
0
Let o(u) = 20*u + 2. Give o(2).
42
Let r(p) = p**2 + 8*p + 21. Give r(-11).
54
Let m(f) = f**3 - 16*f**2 + f - 14. Determine m(16).
2
Let l(o) = o - 14. What is l(-2)?
-16
Let g(q) = -q + 14. Calculate g(-6).
20
Let v(t) = -2*t**2 + 1. Give v(2).
-7
Let t(s) = -s**3 + 11*s**2 + 3*s - 32. Determine t(11).
1
Let q(u) = 12*u + 189. Determine q(-15).
9
Let r(y) = y**2 - 7*y - 16. Give r(8).
-8
Let u(s) = -s + 21. Determine u(4).
17
Let t(k) = k**3 - k**2 - 8*k + 10. What is t(3)?
4
Let a(s) = -4*s**2 + 3*s + 1. Calculate a(-3).
-44
Let b(i) = -i**2 + i + 9. Determine b(6).
-21
Let c(z) = -31*z + 949. What is c(31)?
-12
Let l(a) = -8*a + 158. What is l(0)?
158
Let w(p) = -p**2 - 2*p + 8. Calculate w(-6).
-16
Let j(a) = -4*a + 70. Determine j(15).
10
Let m(y) = -5*y + 4. Calculate m(9).
-41
Let a(v) = -v**3 + 2*v**2 + 3*v - 3. Give a(3).
-3
Let o(i) = 5*i**2 - 4*i. Determine o(3).
33
Let q(a) = -12*a**3 - a**2. Determine q(1).
-13
Let s(h) = 3*h + 2. What is s(-2)?
-4
Let d(a) = -a**3 + 5*a**2 - 4*a. Give d(3).
6
Let k(v) = v**2 + 11*v + 31. Give k(-5).
1
Let h(d) = -d**2 + 24*d + 49. Calculate h(26).
-3
Let t(b) = b**2 - 5*b - 2. Determine t(5).
-2
Let p(f) = -9*f - 85. Give p(-10).
5
Let r(f) = f**3 - f**2 - 2*f + 53. Give r(0).
53
Let f(h) = -4*h + 39. Give f(9).
3
Let v(s) = 2*s + 16. Calculate v(-13).
-10
Let z(i) = -2*i**2 + i + 4. Determine z(-3).
-17
Let q(u) = -u**3 - 9*u**2 - 9*u - 2. Give q(-7).
-37
Let z(h) = h**3 - 15*h**2 - 12*h - 70. Determine z(16).
-6
Let r(h) = -8*h - 1. Determine r(5).
-41
Let a(n) = -21*n + 108. Calculate a(6).
-18
Let m(a) = -2*a**2 + 75*a - 245. Give m(34).
-7
Let h(l) = 6*l - 253. Calculate h(44).
11
Let l(s) = -s**2 + 19*s - 55. Determine l(4).
5
Let p(k) = k**3 + 4*k**2 - 31*k + 7. Give p(-8).
-1
Let n(j) = -6*j - 27. What is n(-5)?
3
Let c(a) = 6*a - 1. Determine c(3).
17
Let s(b) = -b + 8. What is s(-8)?
16
Let v(l) = -7*l**3 - 3*l**2 + 2*l + 1. Determine v(1).
-7
Let u(j) = j**3 - 10*j**2 - 7*j - 57. What is u(11)?
-13
Let d(c) = -2*c**3 - 19*c**2 - 9*c - 5. Determine d(-9).
-5
Let g(w) = -13*w - 3. What is g(-3)?
36
Let s(y) = -y**3 + 19*y**2 + 21*y - 21. Give s(20).
-1
Let x(k) = -k**2 + 20*k - 30. Calculate x(21).
-51
Let b(h) = 10*h**2 - 4*h - 5. Determine b(-1).
9
Let p(h) = h**3 - 17*h**2 - 20*h - 27. Calculate p(18).
-63
Let b(s) = -s - 8. Calculate b(1).
-9
Let q(g) = 2*g**2 + 9*g - 1. Calculate q(-4).
-5
Let l(w) = w**3 - 6*w**2 - 26*w - 8. Give l(9).
1
Let i(x) = -x**2 - 10*x + 5. What is i(-11)?
-6
Let i(a) = -a**3 - 5*a**2 - 3*a + 3. Give i(-3).
-6
Let u(j) = 2*j + 18. Determine u(-11).
-4
Let g(q) = 24*q + 21. What is g(-1)?
-3
Let m(w) = -10*w + 158. Give m(16).
-2
Let t(r) = 